{"id":75,"date":"2025-05-27T15:24:56","date_gmt":"2025-05-27T12:24:56","guid":{"rendered":"https:\/\/drhuseyinaltay.com\/?page_id=75"},"modified":"2025-06-19T00:30:36","modified_gmt":"2025-06-18T21:30:36","slug":"hakkimda","status":"publish","type":"page","link":"https:\/\/drhuseyinaltay.com\/index.php\/hakkimda\/","title":{"rendered":"Hakk\u0131mda"},"content":{"rendered":"\n<div class=\"wp-block-group alignfull has-ast-global-color-5-background-color has-background is-nowrap is-layout-flex wp-container-core-group-is-layout-040b5fc1 wp-block-group-is-layout-flex\" id=\"about\" style=\"padding-top:25px;padding-bottom:6px\">\n<div class=\"wp-block-media-text has-media-on-the-right is-stacked-on-mobile is-vertically-aligned-center\" style=\"grid-template-columns:auto 24%\"><div class=\"wp-block-media-text__content\">\n<div class=\"inherit-container-width wp-block-group is-layout-constrained wp-container-core-group-is-layout-47ce07ec wp-block-group-is-layout-constrained\" style=\"padding-right:80px\">\n<p>1970 YILINDA Bilecik\u2019te do\u011fdu. \u0130lk-Orta ve Lise \u00f6\u011frenimini Bilecik\u2019te tamamlad\u0131. 1994 y\u0131l\u0131nda Uluda\u011f \u00dcniversitesi T\u0131p Fak\u00fcltesinden mezun oldu. Mecburi hizmet ile ba\u015flayan 30 y\u0131ll\u0131k meslek hayat\u0131n\u0131 Acil hekimli\u011fi, Hemodiyaliz sorumlu hekimli\u011fi, Hastane idarecili\u011fi ve Aile hekimi olarak s\u00fcrd\u00fcrd\u00fc.<br>2024 y\u0131l\u0131ndan beri \u00f6zel muayenesinde hizmet vermektedir.<br>Fonksiyonel ve b\u00fct\u00fcnc\u00fcl t\u0131p uygulamalar\u0131 ile ilgili mod\u00fcl e\u011fitimlerini tamamlad\u0131. Anadolu \u00dcniversitesi Eczac\u0131l\u0131k fak\u00fcltesi Fitoterapi Y\u00fcksek lisans mezuniyeti sonras\u0131 Fitoterapi uygulamalar\u0131 yapmaktad\u0131r.<br>2025 y\u0131l\u0131nda T.C. sa\u011fl\u0131k bakanl\u0131\u011f\u0131 Estetik ve kozmetik uygulamalar kursuna kat\u0131larak Medikal Estetik ve Kozmetik Uygulamalar sertifikas\u0131 ald\u0131.<br>Halen Bilecik Merkezde bulunan muayenesinde Fonkiyonel ve b\u00fct\u00fcnc\u00fcl t\u0131p uygulamalar\u0131, Fitoterapi ile tedavi \u00e7al\u0131\u015fmalar\u0131 ve Medikal Estetik ve kozmetik uygulamalar konular\u0131nda hizmet vermeye devam etmektedir.<\/p>\n<\/div>\n<\/div><figure class=\"wp-block-media-text__media\"><img loading=\"lazy\" decoding=\"async\" width=\"1024\" height=\"904\" src=\"https:\/\/drhuseyinaltay.com\/wp-content\/uploads\/2025\/05\/ress-1024x904.png\" alt=\"\" class=\"wp-image-101 size-full\" srcset=\"https:\/\/drhuseyinaltay.com\/wp-content\/uploads\/2025\/05\/ress-1024x904.png 1024w, https:\/\/drhuseyinaltay.com\/wp-content\/uploads\/2025\/05\/ress-300x265.png 300w, https:\/\/drhuseyinaltay.com\/wp-content\/uploads\/2025\/05\/ress-768x678.png 768w, https:\/\/drhuseyinaltay.com\/wp-content\/uploads\/2025\/05\/ress.png 1072w\" sizes=\"auto, (max-width: 1024px) 100vw, 1024px\" \/><\/figure><\/div>\n<\/div>\n\n\n\n<p><\/p>\n","protected":false},"excerpt":{"rendered":"<p>1970 YILINDA Bilecik\u2019te do\u011fdu. \u0130lk-Orta ve Lise \u00f6\u011frenimini Bilecik\u2019te tamamlad\u0131. 1994 y\u0131l\u0131nda Uluda\u011f \u00dcniversitesi T\u0131p Fak\u00fcltesinden mezun oldu. Mecburi hizmet [&hellip;]<\/p>\n","protected":false},"author":1,"featured_media":0,"parent":0,"menu_order":0,"comment_status":"closed","ping_status":"closed","template":"","meta":{"site-sidebar-layout":"default","site-content-layout":"","ast-site-content-layout":"default","site-content-style":"default","site-sidebar-style":"default","ast-global-header-display":"","ast-banner-title-visibility":"","ast-main-header-display":"","ast-hfb-above-header-display":"","ast-hfb-below-header-display":"","ast-hfb-mobile-header-display":"","site-post-title":"","ast-breadcrumbs-content":"","ast-featured-img":"","footer-sml-layout":"","theme-transparent-header-meta":"","adv-header-id-meta":"","stick-header-meta":"","header-above-stick-meta":"","header-main-stick-meta":"","header-below-stick-meta":"","astra-migrate-meta-layouts":"default","ast-page-background-enabled":"default","ast-page-background-meta":{"desktop":{"background-color":"var(--ast-global-color-5)","background-image":"","background-repeat":"repeat","background-position":"center center","background-size":"auto","background-attachment":"scroll","background-type":"","background-media":"","overlay-type":"","overlay-color":"","overlay-opacity":"","overlay-gradient":""},"tablet":{"background-color":"","background-image":"","background-repeat":"repeat","background-position":"center center","background-size":"auto","background-attachment":"scroll","background-type":"","background-media":"","overlay-type":"","overlay-color":"","overlay-opacity":"","overlay-gradient":""},"mobile":{"background-color":"","background-image":"","background-repeat":"repeat","background-position":"center center","background-size":"auto","background-attachment":"scroll","background-type":"","background-media":"","overlay-type":"","overlay-color":"","overlay-opacity":"","overlay-gradient":""}},"ast-content-background-meta":{"desktop":{"background-color":"var(--ast-global-color-4)","background-image":"","background-repeat":"repeat","background-position":"center center","background-size":"auto","background-attachment":"scroll","background-type":"","background-media":"","overlay-type":"","overlay-color":"","overlay-opacity":"","overlay-gradient":""},"tablet":{"background-color":"var(--ast-global-color-4)","background-image":"","background-repeat":"repeat","background-position":"center center","background-size":"auto","background-attachment":"scroll","background-type":"","background-media":"","overlay-type":"","overlay-color":"","overlay-opacity":"","overlay-gradient":""},"mobile":{"background-color":"var(--ast-global-color-4)","background-image":"","background-repeat":"repeat","background-position":"center center","background-size":"auto","background-attachment":"scroll","background-type":"","background-media":"","overlay-type":"","overlay-color":"","overlay-opacity":"","overlay-gradient":""}},"footnotes":""},"class_list":["post-75","page","type-page","status-publish","hentry"],"_links":{"self":[{"href":"https:\/\/drhuseyinaltay.com\/index.php\/wp-json\/wp\/v2\/pages\/75","targetHints":{"allow":["GET"]}}],"collection":[{"href":"https:\/\/drhuseyinaltay.com\/index.php\/wp-json\/wp\/v2\/pages"}],"about":[{"href":"https:\/\/drhuseyinaltay.com\/index.php\/wp-json\/wp\/v2\/types\/page"}],"author":[{"embeddable":true,"href":"https:\/\/drhuseyinaltay.com\/index.php\/wp-json\/wp\/v2\/users\/1"}],"replies":[{"embeddable":true,"href":"https:\/\/drhuseyinaltay.com\/index.php\/wp-json\/wp\/v2\/comments?post=75"}],"version-history":[{"count":5,"href":"https:\/\/drhuseyinaltay.com\/index.php\/wp-json\/wp\/v2\/pages\/75\/revisions"}],"predecessor-version":[{"id":147,"href":"https:\/\/drhuseyinaltay.com\/index.php\/wp-json\/wp\/v2\/pages\/75\/revisions\/147"}],"wp:attachment":[{"href":"https:\/\/drhuseyinaltay.com\/index.php\/wp-json\/wp\/v2\/media?parent=75"}],"curies":[{"name":"wp","href":"https:\/\/api.w.org\/{rel}","templated":true}]}}